b(q) = 35*q**2 + 30*q - 8. Determine b(3).
397
Let t(h) = -h + 76. Give t(78).
-2
Let n(s) = 18*s + 182. What is n(-23)?
-232
Let g(k) = k**2 - 17*k + 94. Determine g(15).
64
Let n(v) = -v**2 + 43*v - 388. Calculate n(9).
-82
Let s(u) = 23*u - 3. Determine s(13).
296
Let u(s) = 2*s**3 + 21*s**2 - 131*s + 75. Calculate u(-15).
15
Let v(q) = -2*q**2 - 1081*q - 9566. Determine v(-9).
1
Let k(l) = 27*l + 519. What is k(-14)?
141
Let b(t) = -3*t**2 - 2. Calculate b(-3).
-29
Let l(i) = -i**3 - 35*i**2 + 93*i + 72. Give l(-37).
-631
Let b(o) = -107*o - 2. Determine b(1).
-109
Let y(s) = 55*s + 1491. Give y(-27).
6
Let h(s) = 134*s**2 + 1076*s + 18. Give h(-8).
-14
Let g(u) = 20*u**2 + 442*u + 1720. Determine g(-5).
10
Let z(q) = -q**3 + 19*q**2 + 22*q - 130. Give z(18).
590
Let i(b) = -2*b**3 - 8*b**2 - b + 13. What is i(-6)?
163
Let o(h) = h**2 + 7*h - 11. Calculate o(15).
319
Let o(c) = -c**3 + 75*c**2 - 899*c - 56. Calculate o(60).
4
Let r(l) = -145*l - 444. What is r(-5)?
281
Let t(i) = 384*i - 3049. Determine t(8).
23
Let w(i) = 597*i - 37018. Determine w(62).
-4
Let u(z) = 5*z**2 - 24*z - 5. Give u(6).
31
Let a(w) = -w**2 + 31*w + 1219. Give a(53).
53
Let b(n) = n**3 + 7*n**2 + 25*n + 117. What is b(0)?
117
Let g(m) = 30*m**2 + 84*m - 13. Calculate g(-3).
5
Let i(y) = -y**2 + 344*y + 20596. Determine i(-52).
4
Let i(r) = 23*r**2 - 8*r - 13. Calculate i(-2).
95
Let v(u) = 104*u - 172. What is v(2)?
36
Let j(g) = -3*g**2 + 95*g + 61. Give j(29).
293
Let p(q) = 36*q - 2888. Give p(80).
-8
Let i(c) = -8*c**2 - 16*c + 503. Determine i(-9).
-1
Let b(y) = -6*y**3 - 88*y**2 + 50*y + 287. Give b(-15).
-13
Let n(y) = -2*y**3 - 7*y**2 - 19*y - 5. Determine n(-2).
21
Let m(b) = 230*b - 30514. Give m(133).
76
Let a(c) = -337*c + 981. Calculate a(3).
-30
Let f(k) = 3*k**2 - 6*k - 1. What is f(3)?
8
Let a(w) = w**3 + 16*w**2 - 133*w - 1453. Determine a(-19).
-9
Let d(y) = y**3 + 79*y**2 + 1008*y + 31. Give d(-63).
31
Let x(d) = -d**3 + 130*d**2 - 165*d + 4639. Give x(129).
-5
Let u(s) = s**3 - 5*s**2 - 11*s + 3. Give u(6).
-27
Let j(v) = 10*v - 20. Determine j(-7).
-90
Let k(s) = -23*s + 1850. What is k(84)?
-82
Let o(z) = 2400*z + 45627. Give o(-19).
27
Let t(h) = h**2 - 27*h - 94. Calculate t(33).
104
Let y(n) = -208*n + 15. Determine y(1).
-193
Let n(t) = 2*t**2 + 59*t + 312. Determine n(-16).
-120
Let m(c) = 11*c**2 - 614*c + 513. Determine m(55).
18
Let f(k) = -81*k + 1866. Calculate f(23).
3
Let a(u) = -2257*u - 42883. Determine a(-19).
0
Let w(l) = 307*l + 2149. What is w(-7)?
0
Let z(f) = -2*f**2 - 54*f + 28. Determine z(-25).
128
Let d(l) = -207*l - 794. Give d(-2).
-380
Let i(j) = -464*j - 20404. Give i(-44).
12
Let f(z) = z**3 + 32*z**2 + 251*z + 74. Calculate f(-18).
92
Let w(q) = 34*q + 737. Give w(-23).
-45
Let s(m) = -74*m + 1698. Calculate s(23).
-4
Let z(x) = x**2 + 70*x + 703. Give z(-12).
7
Let f(h) = -204*h - 12628. Give f(-62).
20
Let i(b) = -25*b**2 - 70*b - 5. Give i(-3).
-20
Let v(s) = s**2 + 3*s - 570. Calculate v(24).
78
Let g(r) = 289*r + 5960. What is g(-21)?
-109
Let c(z) = 2252*z + 54047. Calculate c(-24).
-1
Let o(r) = 5*r**2 + 42*r - 98. What is o(2)?
6
Let l(b) = -1309*b - 20922. Give l(-16).
22
Let y(i) = 5*i**3 - 46*i**2 - 94*i - 17. What is y(11)?
38
Let i(q) = q**3 + 46*q**2 + 82*q - 235. Determine i(-44).
29
Let t(z) = -34*z**2 + 1356*z + 169. Give t(40).
9
Let v(b) = -b**3 - 33*b**2 - 201*b + 44. Calculate v(-25).
69
Let j(k) = 21*k**3 - 183*k**2 + 343*k. Determine j(6).
6
Let p(w) = 6*w**2 + 133*w + 502. Calculate p(-17).
-25
Let v(b) = -75*b - 3177. What is v(-43)?
48
Let s(c) = -c**3 - 25*c**2 - 140*c - 17. Determine s(-8).
15
Let s(j) = -255*j**3 + j**2 - 4*j + 3. Determine s(1).
-255
Let j(n) = -4*n + 96. What is j(11)?
52
Let y(v) = 2*v**2 + 73*v - 22. Calculate y(-37).
15
Let r(g) = -13*g**2 - 6*g + 47. Determine r(5).
-308
Let q(f) = -6*f**3 - 71*f**2 - 3*f - 166. Calculate q(-12).
14
Let p(f) = -2*f**2 + 8*f + 273. What is p(22)?
-519
Let q(w) = -12*w**3 + 5*w**2 - 9*w + 4. Give q(2).
-90
Let s(u) = 181*u + 6043. Give s(-33).
70
Let x(u) = u**3 + 532*u + 1. Calculate x(0).
1
Let p(x) = -13*x - 165. Determine p(-33).
264
Let z(b) = b**2 + 47*b + 184. Calculate z(-42).
-26
Let n(d) = 37*d - 366. Calculate n(10).
4
Let o(g) = -17*g**2 - 218*g - 23. Calculate o(-13).
-62
Let d(r) = 2462*r - 14791. Calculate d(6).
-19
Let t(w) = 9*w**3 + 415*w**2 + 76*w + 1389. What is t(-46)?
9
Let h(g) = 2176*g + 6525. Calculate h(-3).
-3
Let t(o) = -o**3 - 17*o**2 + 44*o + 1062. Give t(-15).
-48
Let c(d) = 3*d**2 + 80*d - 473. What is c(6)?
115
Let t(z) = -z**2 - 118*z - 440. Give t(-114).
16
Let o(w) = -2*w**2 - 105*w - 981. Calculate o(-12).
-9
Let r(w) = -221*w + 258. Calculate r(2).
-184
Let o(n) = 3*n - 1. What is o(8)?
23
Let c(u) = 3*u**2 - 18*u - 13. Calculate c(8).
35
Let f(u) = 62*u**3 - 199*u**2 + 201*u - 1. Give f(1).
63
Let m(y) = 4*y - 86. Give m(20).
-6
Let i(v) = 73*v + 3803. What is i(-52)?
7
Let g(z) = z**2 + 10*z - 53. What is g(-16)?
43
Let l(z) = -277*z - 1342. Give l(-5).
43
Let m(v) = -2*v**2 - 2304*v - 18299. Determine m(-8).
5
Let g(s) = s**3 + 9*s**2 - 5*s + 70. Give g(-10).
20
Let f(h) = -46*h - 529. Give f(-11).
-23
Let s(m) = m**2 - 289*m + 1414. Give s(5).
-6
Let n(b) = -15*b + 141. What is n(9)?
6
Let g(c) = -282*c - 6. What is g(0)?
-6
Let n(q) = 64*q**2 + 765*q - 62. What is n(-12)?
-26
Let z(s) = 3578*s + 683401. Determine z(-191).
3
Let u(v) = 3*v**3 - 14*v**2 - v - 12. Calculate u(5).
8
Let i(d) = 4*d**3 - 27*d**2 - 14*d + 8. Calculate i(7).
-41
Let i(y) = -3*y**2 - 74*y + 11. What is i(0)?
11
Let d(j) = -2*j**2 - 7132*j + 35687. Calculate d(5).
-23
Let z(n) = 3*n**3 + n**2 + 147*n - 296. What is z(2)?
26
Let p(d) = 45*d + 1475. Calculate p(-32).
35
Let i(z) = 15201*z - 15194. Give i(1).
7
Let l(r) = -3*r + 63. Give l(42).
-63
Let s(k) = 207*k + 626. Give s(-3).
5
Let p(k) = -19*k + 341. What is p(20)?
-39
Let b(c) = c**3 + 61*c**2 - 68*c - 394. Determine b(-62).
-22
Let i(w) = 11*w**3 + 263*w**2 - 31*w - 179. Determine i(-24).
-11
Let v(a) = -28*a + 37. Calculate v(8).
-187
Let k(b) = -4*b**2 - 454*b - 2367. What is k(-108)?
9
Let s(d) = d**3 + 112*d**2 + 324*d - 483. Give s(-109).
-156
Let m(v) = v**3 - 44*v**2 - 4*v - 1850. Calculate m(45).
-5
Let y(r) = 1504*r + 12023. What is y(-8)?
-9
Let d(w) = -w**3 - 9*w**2 - 11*w - 2. What is d(-10)?
208
Let h(w) = 3*w**2 - 298*w + 1495. Determine h(94).
-9
Let n(w) = -w**3 + 27*w**2 - 50*w + 51. Calculate n(25).
51
Let b(v) = -866*v + 787. What is b(1)?
-79
Let g(b) = 30*b**2 - 82*b - 21. Determine g(0).
-21
Let d(h) = -396*h + 16182. Give d(41).
-54
Let q(p) = -92*p - 14248. Calculate q(-155).
12
Let k(d) = -539*d + 15621. Give k(29).
-10
Let f(t) = -2*t**3 + 2*t**2 + 23*t - 3. What is f(-5)?
182
Let p(d) = 5*d**3 + 3*d**2 + 4*d + 2. Determine p(-2).
-34
Let t(v) = -v**2 + 635*v + 637. Calculate t(-1).
1
Let b(q) = q**2 + 50*q + 528. What is b(-39)?
99
Let g(n) = -n**2 + 124*n - 3342. Give g(39).
-27
Let r(w) = 75*w - 579. Determine r(7).
-54
Let y(o) = 2*o**2 - 57*o - 26. Give y(25).
-201
Let z(u) = -u**3 + 12*u**2 - 28*u + 186. What is z(11)?
-1
Let k(m) = 344*m - 9300. What is k(27)?
-12
Let c(k) = -k**3 + 7*k**2 + 96*k - 668. What is c(10)?
-8
Let w(d) = -d**3 + 6*d**2 + 36*d + 16. Give w(10).
-24
Let n(d) = d**2 + 248*d + 5860. What is n(-26)?
88
Let o(s) = 29*s - 1778. What is o(63)?
49
Let h(d) = 981*d + 1049. Calculate h(-1).
68
Let j(p) = 2*p**2 - 66*p - 2. Give j(32).
-66
Let d(g) = -8*g + 61. Determine d(6).
13
Let z(y) = 4*y + 65. Give z(-19).
-11
Let r(v) = 15*v**2 + 7*v - 1. What is r(4)?
267
Let h(z) = -25*z + 2874. Give h(115).
-1
Let t(z) = 15*z**3 - 20*z**2 - 10*z - 8. Determine t(2).
12
Let u(s) = 1689*s - 25330. Determine u(15).
5
Let b(k) = 193*k + 6348. What is b(-33)?
-21
Let h(t) = -2*t**3 + 19*t**2 + 61*t + 2. Calculate h(12).
14
Let o(v) = v**3 - 3*v**2 - 13*v + 25. Determine o(4).
-11
Let t(m) = -22*m**2 - 77*m + 544. What is t(-7)?
5
Let t(q) = -7*q**3 - 104*q**2 + 16*q + 18. What is t(-15)?
3
Let o(m) = -265*m**2 + 96*m - 194. Determine o(2).
-1062
Let g(l) = 27*l + 224. Give g(-6).
62
Let p(g) = 31*g + 22. Determine p(6).
208
Let b(n) = -44*n + 803. Determine b(19).
-33
Let y(k) = k**3 - 5*k**2 - 188*k - 143. Calcul